{"id":12,"date":"2022-10-25T11:35:07","date_gmt":"2022-10-25T11:35:07","guid":{"rendered":"https:\/\/startersites.io\/blocksy\/restaurant\/?page_id=12"},"modified":"2025-08-07T16:02:39","modified_gmt":"2025-08-07T16:02:39","slug":"about","status":"publish","type":"page","link":"https:\/\/www.kahvilanapero.fi\/index.php\/about\/","title":{"rendered":"Meist\u00e4"},"content":{"rendered":"\n<div class=\"wp-block-stackable-columns alignfull stk-block-columns stk-block stk-3e9e727 stk-block-background stk--has-background-overlay\" data-block-id=\"3e9e727\"><style>.stk-3e9e727 {background-color:#000000 !important;background-image:url(http:\/\/www.kahvilanapero.fi\/wp-content\/uploads\/2025\/08\/Napero-vaaka-5-scaled-e1754457184891.jpg) !important;min-height:100vh !important;align-items:center !important;padding-top:250px !important;padding-bottom:130px !important;margin-bottom:0px !important;display:flex !important;}.stk-3e9e727:before{background-color:#000000 !important;opacity:0.6 !important;}@media screen and (max-width:999px){.stk-3e9e727 {padding-top:150px !important;padding-bottom:80px !important;}}<\/style><div class=\"stk-row stk-inner-blocks stk-block-content stk-content-align stk-3e9e727-column alignwide\">\n<div class=\"wp-block-stackable-column stk-block-column stk-column stk-block stk-79a559e\" data-v=\"4\" data-block-id=\"79a559e\"><style>.stk-79a559e-container{margin-top:0px !important;margin-right:0px !important;margin-bottom:0px !important;margin-left:0px !important;}.stk-79a559e {max-width:900px !important;min-width:auto !important;margin-right:auto !important;margin-left:auto !important;}@media screen and (max-width:999px){.stk-79a559e {max-width:600px !important;min-width:auto !important;}}<\/style><div class=\"stk-column-wrapper stk-block-column__content stk-container stk-79a559e-container stk--no-background stk--no-padding\"><div class=\"stk-block-content stk-inner-blocks stk-79a559e-inner-blocks\">\n<div class=\"wp-block-stackable-text stk-block-text stk-block stk-ee2ffa5\" data-block-id=\"ee2ffa5\"><style>.stk-ee2ffa5 {margin-bottom:40px !important;}.stk-ee2ffa5 .stk-block-text__text{font-size:20px !important;}@media screen and (max-width:999px){.stk-ee2ffa5 .stk-block-text__text{font-size:20px !important;}}<\/style><p class=\"stk-block-text__text has-text-align-center\"><br><br>Kahvila Napero on yhteiskunnallisen Kahvila L\u00e4hteen juurista it\u00e4nyt verso, joka jakaa samat arvot ja toimintaperiaatteet: turvallisia ty\u00f6mahdollisuuksia harjoittelijoille, kuntoutujille ja vapaaehtoisille. Meill\u00e4 isot ja pienet saavat kasvaa yhdess\u00e4. <\/p><\/div>\n<\/div><\/div><\/div>\n<\/div><\/div>\n\n\n\n<div class=\"wp-block-stackable-columns stk-block-columns stk-block stk-e56d57c stk-block-background\" data-block-id=\"e56d57c\"><style>.stk-e56d57c {background-color:var(--theme-palette-color-6, #4a784a) !important;margin-bottom:0px !important;}.stk-e56d57c:before{background-color:var(--theme-palette-color-6, #4a784a) !important;}.stk-e56d57c-column{--stk-column-gap:100px !important;row-gap:100px !important;}@media screen and (max-width:999px){.stk-e56d57c-column{--stk-column-gap:50px !important;}}<\/style><div class=\"stk-row stk-inner-blocks stk-block-content stk-content-align stk-e56d57c-column\">\n<div class=\"wp-block-stackable-column stk-block-column stk-column stk-block stk-c7953f4\" data-v=\"4\" data-block-id=\"c7953f4\"><style>.stk-c7953f4-container{margin-top:0px !important;margin-right:0px !important;margin-bottom:0px !important;margin-left:0px !important;}.stk-c7953f4 {align-self:center !important;}<\/style><div class=\"stk-column-wrapper stk-block-column__content stk-container stk-c7953f4-container stk--no-background stk--no-padding\"><div class=\"has-text-align-center-mobile stk-block-content stk-inner-blocks stk-c7953f4-inner-blocks\">\n<p>Kahvila Naperon syd\u00e4men asia on ty\u00f6llist\u00e4\u00e4 ihmisi\u00e4 kaikilta el\u00e4m\u00e4naloilta.  <br><br>Napero tarjoaa turvallisen ty\u00f6paikan \u2013 harjoittelijoille,  opiskelijoille, vapaaehtoisille, uutta alkua kaipaaville pitk\u00e4aikaisty\u00f6tt\u00f6mille ja muille, jotka inspiroituvat koko perheen kahvilaymp\u00e4rist\u00f6st\u00e4. <br> <br>Vierailullasi tuet moninaista ty\u00f6llistymistoimintaa ja koko yhteis\u00f6\u00e4mme. Luomme yhdess\u00e4 paikan, jossa kunnioitetaan kaikkia tasavertaisesti, tarjotaan uusia el\u00e4myksi\u00e4 ja opitaan. Meill\u00e4 saa harjoitella rauhassa kahvilataitoja.  <br><br>Sinulta toivomme: lempeytt\u00e4.  <\/p>\n\n\n\n<div class=\"wp-block-stackable-heading stk-block-heading stk-block-heading--v2 stk-block stk-1ecee6d\" id=\"kahvila-napero-yhteiskunnallinen-ja-vastuullinen-yritys-jonka-omistaa-pro-lapinlahti-mielenterveysseura-ry\" data-block-id=\"1ecee6d\"><h6 class=\"stk-block-heading__text\">Kahvila Napero yhteiskunnallinen ja vastuullinen yritys, jonka omistaa Pro Lapinlahti mielenterveysseura ry.&nbsp;<\/h6><\/div>\n\n\n\n<p><strong>Pro Lapinlahti mielenterveysseura ry<\/strong>&nbsp;<\/p>\n\n\n\n<p><a href=\"https:\/\/lapinlahdenlahde.fi\/pro-lapinlahti\">Pro Lapinlahti<\/a> toimii kaikille avoimessa mielen hyvinvoinnin ja kulttuurin keskuksessa Lapinlahden L\u00e4hteell\u00e4. Lapinlahden entisess\u00e4 psykiatrisessa sairaalassa sijaitsevan kansalaisten kaupunkiolohuoneen ja samalla Pro Lapinlahden toiminnan kulmakivin\u00e4 ovat yhteis\u00f6llisyys, vertaisuus, osallisuus, vapaaehtoistoiminta, kulttuuri, luovuus, luonto ja kokonaisvaltainen hyvinvointi.&nbsp;<\/p>\n\n\n\n<p>Toimimme kest\u00e4v\u00e4n kehityksen tavoitteiden mukaisesti ja kiertotaloutta edist\u00e4en.&nbsp;<\/p>\n\n\n\n<p>Olemme <a href=\"https:\/\/arvoliitto.fi\/arvon-jasenet\/\">Arvo-liiton j\u00e4sen<\/a>: &nbsp;<\/p>\n\n\n\n<div class=\"wp-block-stackable-text stk-block-text stk-block stk-772c17a\" data-block-id=\"772c17a\"><style>.stk-772c17a {margin-bottom:50px !important;}@media screen and (max-width:999px){.stk-772c17a {margin-bottom:30px !important;}}<\/style><p class=\"stk-block-text__text\">Yhteiskunnallisissa yrityksiss\u00e4 arvot, eettisyys ja yhteiskunnallisen hyv\u00e4n tekeminen ovat t\u00e4rkein suunnann\u00e4ytt\u00e4j\u00e4. Kest\u00e4vyys, vastuullisuus ja vaikuttavuus ovat j\u00e4sentemme liiketoiminnan ydin ja niiss\u00e4 tehd\u00e4\u00e4n joka p\u00e4iv\u00e4 #oikeinhyv\u00e4\u00e4bisnest\u00e4.&nbsp;<\/p><\/div>\n\n\n\n<div class=\"wp-block-stackable-columns alignfull stk-block-columns stk-block stk-a1ed55a stk-block-background\" data-block-id=\"a1ed55a\"><style>.stk-a1ed55a {background-color:var(--theme-palette-color-2, #ffc71f) !important;padding-top:50px !important;padding-bottom:50px !important;margin-bottom:0px !important;}.stk-a1ed55a:before{background-color:var(--theme-palette-color-2, #ffc71f) !important;}@media screen and (max-width:689px){.stk-a1ed55a-column{row-gap:50px !important;}}<\/style><div class=\"stk-row stk-inner-blocks stk-block-content stk-content-align stk-a1ed55a-column\">\n<div class=\"wp-block-stackable-column stk-block-column stk-column stk-block stk-cbcb8b3\" data-v=\"4\" data-block-id=\"cbcb8b3\"><div class=\"stk-column-wrapper stk-block-column__content stk-container stk-cbcb8b3-container stk--no-background stk--no-padding\"><div class=\"stk-block-content stk-inner-blocks stk-cbcb8b3-inner-blocks\">\n<h3 class=\"wp-block-heading has-text-align-center\">Meill\u00e4 isot ja pienet saavat kasvaa yhdess\u00e4.<\/h3>\n<\/div><\/div><\/div>\n<\/div><\/div>\n<\/div><\/div><\/div>\n<\/div><\/div>\n\n\n\n<p><\/p>\n\n\n\n<p><\/p>\n\n\n\n<div class=\"wp-block-stackable-columns alignfull stk-block-columns stk-block stk-1769c82\" data-block-id=\"1769c82\"><style>.stk-1769c82 {margin-top:var(--stk--preset--spacing--70, 3.38rem) !important;margin-bottom:nullpx !important;}<\/style><div class=\"stk-row stk-inner-blocks stk-block-content stk-content-align stk-1769c82-column alignwide\">\n<div class=\"wp-block-stackable-column stk-block-column stk-column stk-block stk-9621303\" data-v=\"4\" data-block-id=\"9621303\"><style>.stk-9621303-inner-blocks{justify-content:space-evenly !important;}<\/style><div class=\"stk-column-wrapper stk-block-column__content stk-container stk-9621303-container stk--no-background stk--no-padding\"><div class=\"stk--block-horizontal-flex stk--column-flex stk-block-content stk-inner-blocks stk-9621303-inner-blocks\">\n<div class=\"wp-block-stackable-image stk-block-image stk-block stk-0c08990\" data-block-id=\"0c08990\"><style>.stk-0c08990 .stk-img-wrapper{width:120px !important;}<\/style><figure><span class=\"stk-img-wrapper stk-image--shape-stretch\"><img loading=\"lazy\" decoding=\"async\" class=\"stk-img wp-image-515\" src=\"http:\/\/www.kahvilanapero.fi\/wp-content\/uploads\/2025\/08\/Kahvila_logo_white-1.svg\" width=\"149\" height=\"101\"\/><\/span><\/figure><\/div>\n\n\n\n<div class=\"wp-block-stackable-image stk-block-image stk-block stk-f7e7bd6\" data-block-id=\"f7e7bd6\"><style>.stk-f7e7bd6 .stk-img-wrapper{width:150px !important;}<\/style><figure><span class=\"stk-img-wrapper stk-image--shape-stretch\"><img loading=\"lazy\" decoding=\"async\" class=\"stk-img wp-image-502\" src=\"http:\/\/www.kahvilanapero.fi\/wp-content\/uploads\/2025\/08\/ProLapinlahti_musta1-1.png\" width=\"564\" height=\"311\" srcset=\"https:\/\/www.kahvilanapero.fi\/wp-content\/uploads\/2025\/08\/ProLapinlahti_musta1-1.png 564w, https:\/\/www.kahvilanapero.fi\/wp-content\/uploads\/2025\/08\/ProLapinlahti_musta1-1-300x165.png 300w\" sizes=\"auto, (max-width: 564px) 100vw, 564px\" \/><\/span><\/figure><\/div>\n<\/div><\/div><\/div>\n<\/div><\/div>\n\n\n\n<p class=\"has-text-align-center has-small-font-size\">Yhteisty\u00f6ss\u00e4:<\/p>\n\n\n\n<div class=\"wp-block-stackable-columns alignfull stk-block-columns stk-block stk-6ffa195\" data-block-id=\"6ffa195\"><style>.stk-6ffa195 {margin-top:var(--stk--preset--spacing--70, 3.38rem) !important;margin-bottom:var(--stk--preset--spacing--70, 3.38rem) !important;}<\/style><div class=\"stk-row stk-inner-blocks stk-block-content stk-content-align stk-6ffa195-column alignwide\">\n<div class=\"wp-block-stackable-column stk-block-column stk-column stk-block stk-55e453a\" data-v=\"4\" data-block-id=\"55e453a\"><style>.stk-55e453a-inner-blocks{justify-content:space-evenly !important;}<\/style><div class=\"stk-column-wrapper stk-block-column__content stk-container stk-55e453a-container stk--no-background stk--no-padding\"><div class=\"stk--block-horizontal-flex stk--column-flex stk-block-content stk-inner-blocks stk-55e453a-inner-blocks\">\n<div class=\"wp-block-stackable-image stk-block-image stk-block stk-90316f2\" data-block-id=\"90316f2\"><style>.stk-90316f2 .stk-img-wrapper{width:100px !important;}<\/style><figure><span class=\"stk-img-wrapper stk-image--shape-stretch\"><img loading=\"lazy\" decoding=\"async\" class=\"stk-img wp-image-504\" src=\"http:\/\/www.kahvilanapero.fi\/wp-content\/uploads\/2025\/08\/lykke-helsinki-logo-1000px.webp\" width=\"1000\" height=\"1000\" srcset=\"https:\/\/www.kahvilanapero.fi\/wp-content\/uploads\/2025\/08\/lykke-helsinki-logo-1000px.webp 1000w, https:\/\/www.kahvilanapero.fi\/wp-content\/uploads\/2025\/08\/lykke-helsinki-logo-1000px-300x300.webp 300w, https:\/\/www.kahvilanapero.fi\/wp-content\/uploads\/2025\/08\/lykke-helsinki-logo-1000px-150x150.webp 150w, https:\/\/www.kahvilanapero.fi\/wp-content\/uploads\/2025\/08\/lykke-helsinki-logo-1000px-768x768.webp 768w\" sizes=\"auto, (max-width: 1000px) 100vw, 1000px\" \/><\/span><\/figure><\/div>\n\n\n\n<div class=\"wp-block-stackable-image stk-block-image stk-block stk-1381c77\" data-block-id=\"1381c77\"><style>.stk-1381c77 .stk-img-wrapper{width:100px !important;}<\/style><figure><span class=\"stk-img-wrapper stk-image--shape-stretch\"><img loading=\"lazy\" decoding=\"async\" class=\"stk-img wp-image-507\" src=\"http:\/\/www.kahvilanapero.fi\/wp-content\/uploads\/2025\/08\/primo-logo.jpg\" width=\"550\" height=\"550\" srcset=\"https:\/\/www.kahvilanapero.fi\/wp-content\/uploads\/2025\/08\/primo-logo.jpg 550w, https:\/\/www.kahvilanapero.fi\/wp-content\/uploads\/2025\/08\/primo-logo-300x300.jpg 300w, https:\/\/www.kahvilanapero.fi\/wp-content\/uploads\/2025\/08\/primo-logo-150x150.jpg 150w\" sizes=\"auto, (max-width: 550px) 100vw, 550px\" \/><\/span><\/figure><\/div>\n\n\n\n<div class=\"wp-block-stackable-image stk-block-image stk-block stk-4350b64\" data-block-id=\"4350b64\"><style>.stk-4350b64 .stk-img-wrapper{width:100px !important;}<\/style><figure><span class=\"stk-img-wrapper stk-image--shape-stretch\"><img loading=\"lazy\" decoding=\"async\" class=\"stk-img wp-image-511\" src=\"http:\/\/www.kahvilanapero.fi\/wp-content\/uploads\/2025\/08\/Nimeton-malli-1.svg\" width=\"700\" height=\"360\"\/><\/span><\/figure><\/div>\n<\/div><\/div><\/div>\n<\/div><\/div>\n","protected":false},"excerpt":{"rendered":"<p>Kahvila Napero on yhteiskunnallisen Kahvila L\u00e4hteen juurista it\u00e4nyt verso, joka jakaa samat arvot ja toimintaperiaatteet: turvallisia ty\u00f6mahdollisuuksia harjoittelijoille, kuntoutujille ja vapaaehtoisille. Meill\u00e4 isot ja pienet saavat kasvaa yhdess\u00e4. Kahvila Naperon syd\u00e4men asia on ty\u00f6llist\u00e4\u00e4 ihmisi\u00e4 kaikilta el\u00e4m\u00e4naloilta. Napero tarjoaa turvallisen ty\u00f6paikan \u2013 harjoittelijoille, opiskelijoille, vapaaehtoisille, uutta alkua kaipaaville pitk\u00e4aikaisty\u00f6tt\u00f6mille ja muille, jotka inspiroituvat koko perheen [&hellip;]<\/p>\n","protected":false},"author":2,"featured_media":381,"parent":0,"menu_order":0,"comment_status":"closed","ping_status":"closed","template":"","meta":{"footnotes":""},"class_list":["post-12","page","type-page","status-publish","has-post-thumbnail","hentry"],"blocksy_meta":{"page_title_panel":"","has_hero_section":"disabled","f700678cfac4c19edaeae7a73ab1ab15":"","hero_section":"type-1","hero_elements":[{"id":"custom_title","enabled":true,"heading_tag":"h1","title":"Home"},{"id":"custom_description","enabled":true,"description_visibility":{"desktop":true,"tablet":true,"mobile":false}},{"id":"custom_meta","enabled":false,"meta_elements":[{"id":"author","enabled":true,"label":"By","has_author_avatar":"yes","avatar_size":25},{"id":"post_date","enabled":true,"label":"On","date_format_source":"default","date_format":"M j, Y"},{"id":"updated_date","enabled":false,"label":"On","date_format_source":"default","date_format":"M j, Y"},{"id":"categories","enabled":false,"label":"In","style":"simple"},{"id":"comments","enabled":true}],"page_meta_elements":{"joined":true,"articles_count":true,"comments":true}},{"id":"breadcrumbs","enabled":false}],"26ad57cea77fed65c89549070f86b5f9":"","hero_alignment1":"CT_CSS_SKIP_RULE","hero_margin":40,"hero_alignment2":"center","hero_vertical_alignment":"center","e884ab5584203220a36ece5722afc66d":"","hero_structure":"narrow","b77825b265ab11935728c1e208847986":"","page_title_bg_type":"featured_image","custom_hero_background":{"attachment_id":null},"page_title_image_size":"full","parallax":{"desktop":false,"tablet":false,"mobile":false},"ad8c06f5d63fd6a5a093456271a25a89":"","hero_height":"250px","pageTitleFont":{"family":"Default","variation":"Default","size":"30px","line-height":"CT_CSS_SKIP_RULE","letter-spacing":"CT_CSS_SKIP_RULE","text-transform":"CT_CSS_SKIP_RULE","text-decoration":"CT_CSS_SKIP_RULE"},"pageTitleFontColor":{"default":{"color":"CT_CSS_SKIP_RULEDEFAULT"}},"pageMetaFont":{"family":"Default","variation":"n6","size":"12px","line-height":"1.3","letter-spacing":"CT_CSS_SKIP_RULE","text-transform":"uppercase","text-decoration":"CT_CSS_SKIP_RULE"},"pageMetaFontColor":{"default":{"color":"CT_CSS_SKIP_RULEDEFAULT"},"hover":{"color":"CT_CSS_SKIP_RULEDEFAULT"}},"page_meta_button_type_font_colors":{"default":{"color":"CT_CSS_SKIP_RULEDEFAULT"},"hover":{"color":"CT_CSS_SKIP_RULEDEFAULT"}},"page_meta_button_type_background_colors":{"default":{"color":"CT_CSS_SKIP_RULEDEFAULT"},"hover":{"color":"CT_CSS_SKIP_RULEDEFAULT"}},"pageExcerptFont":{"family":"Default","variation":"Default","size":"CT_CSS_SKIP_RULE","line-height":"CT_CSS_SKIP_RULE","letter-spacing":"CT_CSS_SKIP_RULE","text-transform":"CT_CSS_SKIP_RULE","text-decoration":"CT_CSS_SKIP_RULE"},"pageExcerptColor":{"default":{"color":"CT_CSS_SKIP_RULEDEFAULT"}},"breadcrumbsFont":{"family":"Default","variation":"Default","size":"CT_CSS_SKIP_RULE","line-height":"CT_CSS_SKIP_RULE","letter-spacing":"CT_CSS_SKIP_RULE","text-transform":"CT_CSS_SKIP_RULE","text-decoration":"CT_CSS_SKIP_RULE"},"breadcrumbsFontColor":{"default":{"color":"CT_CSS_SKIP_RULEDEFAULT"},"initial":{"color":"CT_CSS_SKIP_RULEDEFAULT"},"hover":{"color":"CT_CSS_SKIP_RULEDEFAULT"}},"pageTitleOverlay":{"background_type":"color","background_pattern":"type-1","background_image":{"attachment_id":null,"x":0,"y":0},"gradient":"linear-gradient(135deg,rgba(6,147,227,1) 0%,rgb(155,81,224) 100%)","background_repeat":"repeat","background_size":"auto","background_attachment":"scroll","patternColor":{"default":{"color":"#e5e7ea"}},"overlayColor":{"default":{"color":"CT_CSS_SKIP_RULE"}},"backgroundColor":{"default":{"color":"CT_CSS_SKIP_RULE"}}},"pageTitleBackground":{"background_type":"color","background_pattern":"type-1","background_image":{"attachment_id":null,"x":0,"y":0},"gradient":"linear-gradient(135deg,rgba(6,147,227,1) 0%,rgb(155,81,224) 100%)","background_repeat":"repeat","background_size":"auto","background_attachment":"scroll","patternColor":{"default":{"color":"#e5e7ea"}},"overlayColor":{"default":{"color":"CT_CSS_SKIP_RULE"}},"backgroundColor":{"default":{"color":"var(--theme-palette-color-6)"}}},"pageTitlePadding":{"top":"50px","bottom":"50px","left":"auto","right":"auto","linked":true},"db7414a638ad699df1e364534332d70f":"","page_structure_type":"default","78ff6ba727e7b36633ff4fd21cc765ee":"","content_style_source":"inherit","content_style":"wide","vertical_spacing_source":"custom","content_area_spacing":"none","background":{"background_type":"color","background_pattern":"type-1","background_image":{"attachment_id":null,"x":0,"y":0},"gradient":"linear-gradient(135deg,rgba(6,147,227,1) 0%,rgb(155,81,224) 100%)","background_repeat":"repeat","background_size":"auto","background_attachment":"scroll","patternColor":{"default":{"color":"#e5e7ea"}},"overlayColor":{"default":{"color":"CT_CSS_SKIP_RULE"}},"backgroundColor":{"default":{"color":"CT_CSS_SKIP_RULE"}}},"content_background":{"background_type":"color","background_pattern":"type-1","background_image":{"attachment_id":null,"x":0,"y":0},"gradient":"linear-gradient(135deg,rgba(6,147,227,1) 0%,rgb(155,81,224) 100%)","background_repeat":"repeat","background_size":"auto","background_attachment":"scroll","patternColor":{"default":{"color":"#e5e7ea"}},"overlayColor":{"default":{"color":"CT_CSS_SKIP_RULE"}},"backgroundColor":{"default":{"color":"var(--theme-palette-color-8)"}}},"content_boxed_shadow":{"inherit":false,"blur":18,"spread":-6,"v_offset":12,"h_offset":0,"inset":false,"enable":true,"color":{"color":"rgba(34, 56, 101, 0.04)"}},"content_boxed_border":{"width":1,"style":"none","color":{"color":"rgba(44,62,80,0.2)"}},"content_boxed_radius":{"top":"3px","bottom":"3px","left":"3px","right":"3px","linked":true},"boxed_content_spacing":{"desktop":{"top":"40px","bottom":"40px","left":"40px","right":"40px","linked":true},"tablet":{"top":"35px","bottom":"35px","left":"35px","right":"35px","linked":true},"mobile":{"top":"20px","bottom":"20px","left":"20px","right":"20px","linked":true}},"16709d3cc6c757fcdc91fea65663a894":"","disable_featured_image":"no","disable_share_box":"no","disable_header":"no","disable_footer":"no","styles_descriptor":{"styles":{"desktop":"","tablet":"","mobile":""},"google_fonts":[],"version":6}},"_links":{"self":[{"href":"https:\/\/www.kahvilanapero.fi\/index.php\/wp-json\/wp\/v2\/pages\/12","targetHints":{"allow":["GET"]}}],"collection":[{"href":"https:\/\/www.kahvilanapero.fi\/index.php\/wp-json\/wp\/v2\/pages"}],"about":[{"href":"https:\/\/www.kahvilanapero.fi\/index.php\/wp-json\/wp\/v2\/types\/page"}],"author":[{"embeddable":true,"href":"https:\/\/www.kahvilanapero.fi\/index.php\/wp-json\/wp\/v2\/users\/2"}],"replies":[{"embeddable":true,"href":"https:\/\/www.kahvilanapero.fi\/index.php\/wp-json\/wp\/v2\/comments?post=12"}],"version-history":[{"count":16,"href":"https:\/\/www.kahvilanapero.fi\/index.php\/wp-json\/wp\/v2\/pages\/12\/revisions"}],"predecessor-version":[{"id":516,"href":"https:\/\/www.kahvilanapero.fi\/index.php\/wp-json\/wp\/v2\/pages\/12\/revisions\/516"}],"wp:featuredmedia":[{"embeddable":true,"href":"https:\/\/www.kahvilanapero.fi\/index.php\/wp-json\/wp\/v2\/media\/381"}],"wp:attachment":[{"href":"https:\/\/www.kahvilanapero.fi\/index.php\/wp-json\/wp\/v2\/media?parent=12"}],"curies":[{"name":"wp","href":"https:\/\/api.w.org\/{rel}","templated":true}]}}